st common divisor of 50304 and 1392?
48
What is the highest common factor of 38 and 718?
2
Calculate the greatest common factor of 164 and 287902.
82
Calculate the highest common factor of 546563 and 10904.
1363
What is the greatest common divisor of 368648 and 29?
29
Calculate the greatest common factor of 15 and 15915.
15
What is the greatest common divisor of 362773 and 499?
499
What is the greatest common factor of 1340 and 16348?
268
What is the highest common factor of 4612 and 6?
2
Calculate the greatest common factor of 39606 and 2622.
138
Calculate the highest common factor of 94961 and 4.
1
Calculate the greatest common divisor of 1510 and 260626.
302
Calculate the highest common divisor of 4324 and 4.
4
Calculate the highest common divisor of 300 and 181700.
100
Calculate the highest common factor of 2145 and 13143.
39
What is the greatest common factor of 4961 and 627?
11
What is the highest common divisor of 10 and 12365240?
10
What is the highest common divisor of 4181 and 6667?
113
What is the highest common divisor of 8048 and 992?
16
Calculate the greatest common factor of 34705 and 715.
55
Calculate the greatest common divisor of 96889 and 3770.
377
What is the greatest common factor of 4312 and 25284?
196
Calculate the highest common divisor of 48410 and 423.
47
Calculate the highest common factor of 13 and 4199.
13
What is the highest common divisor of 3155299 and 452?
113
What is the highest common divisor of 1773344 and 1510?
302
What is the highest common divisor of 29083 and 4809?
229
Calculate the highest common divisor of 208 and 3948464.
208
What is the greatest common divisor of 570 and 617690?
190
What is the highest common factor of 12350 and 5525?
325
Calculate the highest common divisor of 480 and 1287780.
60
What is the highest common factor of 136 and 323?
17
Calculate the highest common divisor of 1732956 and 24.
12
Calculate the highest common divisor of 30645 and 9.
9
Calculate the highest common factor of 345 and 58020.
15
Calculate the greatest common divisor of 287905 and 3195.
355
Calculate the greatest common divisor of 1248 and 111.
3
What is the highest common factor of 5830 and 66?
22
What is the highest common factor of 74 and 1190438?
74
What is the highest common divisor of 7402512 and 624?
624
What is the greatest common divisor of 17 and 34187?
17
Calculate the greatest common divisor of 2138149 and 299.
299
What is the highest common divisor of 251560 and 19?
19
Calculate the highest common divisor of 3211 and 325.
13
What is the greatest common divisor of 94680 and 225?
45
What is the highest common factor of 760 and 3743?
19
What is the highest common factor of 30 and 8101770?
30
What is the greatest common factor of 1239 and 4956?
1239
Calculate the greatest common divisor of 1276312 and 24.
8
What is the greatest common divisor of 234 and 19044?
18
What is the highest common factor of 2006 and 1054?
34
Calculate the greatest common divisor of 3090 and 898881.
309
What is the highest common factor of 345 and 25?
5
Calculate the greatest common divisor of 3479 and 1136.
71
Calculate the highest common factor of 73147 and 18571.
379
What is the greatest common factor of 64328 and 561?
187
What is the highest common divisor of 4300 and 5420?
20
Calculate the highest common factor of 26506 and 6786.
58
Calculate the highest common divisor of 65313 and 18.
9
Calculate the highest common factor of 45940 and 80.
20
What is the greatest common factor of 447 and 3957?
3
What is the highest common factor of 6704418 and 42?
42
Calculate the greatest common divisor of 91993 and 11.
11
What is the greatest common divisor of 17 and 43299?
17
What is the greatest common factor of 93 and 585?
3
What is the highest common factor of 128 and 25408?
64
Calculate the greatest common factor of 34 and 52802.
34
What is the highest common factor of 379 and 2175839?
379
Calculate the greatest common factor of 278096 and 416.
208
What is the greatest common divisor of 11198 and 55?
11
Calculate the highest common factor of 7877154 and 493.
493
Calculate the greatest common factor of 8 and 1889032.
8
What is the greatest common divisor of 2561 and 43459?
13
What is the greatest common factor of 15840 and 9988?
44
What is the highest common divisor of 610 and 1387445?
305
What is the greatest common factor of 35574 and 110649?
231
What is the greatest common divisor of 6975 and 4800?
75
What is the greatest common factor of 7686 and 26190?
18
Calculate the greatest common divisor of 16 and 197488.
16
Calculate the greatest common divisor of 1392 and 420500.
116
Calculate the highest common factor of 199920 and 7480.
680
Calculate the highest common divisor of 5254 and 814.
74
Calculate the highest common factor of 29097 and 671.
61
Calculate the highest common divisor of 9697 and 5.
1
What is the highest common divisor of 22404 and 24?
12
What is the highest common factor of 2244 and 2222121?
561
What is the highest common divisor of 44975 and 15934?
257
What is the greatest common divisor of 1664 and 27808?
32
Calculate the highest common divisor of 482320 and 160.
80
What is the highest common factor of 17580 and 960?
60
What is the highest common factor of 83678 and 2666?
86
Calculate the greatest common divisor of 72 and 7988166.
18
Calculate the highest common divisor of 1375 and 11275.
275
What is the greatest common factor of 44192 and 368?
16
What is the highest common factor of 3505 and 40?
5
What is the greatest common divisor of 10752 and 525?
21
What is the greatest common divisor of 89811 and 4131?
153
Calculate the greatest common factor of 1 and 1031.
1
What is the greatest common factor of 1443 and 901875?
1443
Calculate the greatest common factor of 298604 and 76.
76
Calculate the greatest common factor of 9240 and 546.
42
What is the greatest common factor of 17 and 2284069?
17
What is the greatest common divisor of 7362 and 1314?
18
Calculate the greatest common divisor of 51469 and 55.
11
Calculate the greatest common factor of 25112 and 688.
344
Calculate the highest common divisor of 495 and 225324.
99
Calculate the greatest common factor of 72518 and 101.
101
Calculate the highest common divisor of 12353 and 44.
11
Calculate the greatest common factor of 753 and 363.
3
What is the greatest common divisor of 1987070 and 5?
5
Calculate the greatest common factor of 570 and 5220345.
285
What is the greatest common factor of 50407 and 399?
133
What is the highest common divisor of 19925 and 2125?
25
What is the highest common divisor of 26522 and 298?
298
What is the greatest common factor of 906 and 150?
6
Calculate the greatest common factor of 123505 and 85.
85
What is the greatest common factor of 2736 and 35352?
72
What is the highest common divisor of 21610 and 40?
10
Calculate the highest common factor of 283271 and 10982.
323
What is the greatest common factor of 3339 and 924?
21
What is the greatest common factor of 524 and 5895?
131
Calculate the highest common factor of 32195 and 47950.
685
Calculate the highest common factor of 3715 and 437627.
743
What is the greatest common factor of 2413003 and 29?
29
What is the greatest common factor of 24 and 212988?
12
Calculate the greatest common factor of 3382 and 8722.
178
What is the greatest common divisor of 64 and 13076?
4
Calculate the highest common factor of 42 and 87.
3
Calculate the greatest common divisor of 166512 and 120.
24
Calculate the greatest common factor of 85720 and 40.
40
Calculate the greatest common factor of 80 and 7240.
40
Calculate the greatest common factor of 1470 and 2010.
30
What is the greatest common divisor of 148 and 182447?
37
What is the highest common factor of 748731 and 1431?
159
What is the greatest common divisor of 175681 and 11?
11
What is the greatest common factor of 2000385 and 90?
45
Calculate the highest common divisor of 1250 and 3765625.
625
Calculate the highest common divisor of 26 and 781222.
26
What is the highest common divisor of 373853 and 3?
1
Calculate the greatest common factor of 190567 and 5891.
137
What is the highest common factor of 206 and 91361?
103
Calculate the greatest common factor of 627 and 102619.
209
Calculate the highest common factor of 34 and 12580.
34
What is t